ase 5) to base 11
29
-3 (base 6) to base 5
-3
What is 111 (base 7) in base 5?
212
15 (base 13) to base 7
24
0 (base 11) to base 8
0
What is a (base 14) in base 15?
a
What is 110 (base 4) in base 10?
20
What is 4 (base 12) in base 8?
4
Convert -100011 (base 2) to base 11.
-32
Convert 1 (base 7) to base 10.
1
Convert 3 (base 9) to base 6.
3
13 (base 8) to base 5
21
-12 (base 4) to base 13
-6
What is -30 (base 9) in base 2?
-11011
What is 84 (base 11) in base 9?
112
-4 (base 12) to base 3
-11
Convert -20 (base 8) to base 15.
-11
-2 (base 4) to base 14
-2
What is 2 (base 9) in base 11?
2
-10001101 (base 2) to base 8
-215
What is -23 (base 5) in base 11?
-12
Convert 6 (base 7) to base 15.
6
What is -1 (base 14) in base 5?
-1
-1011101 (base 2) to base 15
-63
33 (base 7) to base 6
40
Convert -178 (base 10) to base 15.
-bd
Convert 2 (base 3) to base 14.
2
-12c (base 14) to base 7
-455
What is -1001 (base 2) in base 3?
-100
1 (base 12) to base 11
1
Convert 3 (base 4) to base 11.
3
-4 (base 12) to base 13
-4
Convert 10 (base 5) to base 16.
5
What is 22 (base 6) in base 7?
20
1000 (base 2) to base 13
8
-3 (base 15) to base 10
-3
What is -14 (base 9) in base 3?
-111
What is 10 (base 6) in base 3?
20
-152 (base 8) to base 6
-254
Convert 1001 (base 2) to base 6.
13
Convert 1011 (base 4) to base 9.
76
Convert c (base 14) to base 12.
10
Convert 2 (base 8) to base 12.
2
Convert 10 (base 2) to base 15.
2
What is -2 (base 12) in base 2?
-10
Convert -13d (base 15) to base 9.
-344
119 (base 10) to base 15
7e
What is 2 (base 7) in base 15?
2
Convert 4 (base 6) to base 13.
4
What is 36 (base 8) in base 14?
22
2302 (base 4) to base 3
20121
-3 (base 15) to base 10
-3
What is 12 (base 3) in base 16?
5
What is -11211 (base 3) in base 14?
-94
What is 5 (base 10) in base 6?
5
-1002 (base 3) to base 13
-23
What is -4 (base 8) in base 16?
-4
Convert 3 (base 16) to base 9.
3
What is 4 (base 9) in base 8?
4
6 (base 9) to base 10
6
Convert b (base 13) to base 7.
14
9 (base 13) to base 9
10
Convert -4 (base 5) to base 6.
-4
Convert -10010110 (base 2) to base 8.
-226
What is -8 (base 9) in base 8?
-10
1e (base 15) to base 16
1d
14 (base 12) to base 2
10000
Convert 11 (base 15) to base 12.
14
Convert -5 (base 7) to base 3.
-12
Convert -4 (base 12) to base 4.
-10
Convert 7 (base 16) to base 6.
11
Convert -22 (base 6) to base 14.
-10
What is -12 (base 3) in base 5?
-10
What is -22 (base 10) in base 2?
-10110
Convert 0 (base 11) to base 2.
0
Convert -33 (base 4) to base 9.
-16
What is -4 (base 5) in base 2?
-100
-213 (base 6) to base 9
-100
What is 2 (base 6) in base 10?
2
261 (base 10) to base 14
149
What is 40 (base 5) in base 4?
110
Convert 2 (base 15) to base 4.
2
Convert -165 (base 7) to base 16.
-60
What is 101 (base 3) in base 2?
1010
-11110110 (base 2) to base 10
-246
-11 (base 4) to base 15
-5
Convert 2 (base 9) to base 7.
2
What is -13 (base 16) in base 4?
-103
Convert 33 (base 7) to base 14.
1a
-4 (base 12) to base 11
-4
b (base 14) to base 11
10
Convert -4 (base 8) to base 3.
-11
0 (base 13) to base 6
0
What is 1 (base 5) in base 6?
1
Convert 1b (base 15) to base 2.
11010
Convert 25 (base 8) to base 7.
30
What is -120 (base 12) in base 11?
-143
-3 (base 6) to base 16
-3
What is 9 (base 12) in base 11?
9
Convert 5 (base 12) to base 14.
5
Convert 34 (base 9) to base 13.
25
What is -1 (base 4) in base 13?
-1
Convert 0 (base 8) to base 12.
0
What is 14 (base 6) in base 2?
1010
11 (base 3) to base 16
4
Convert -2022 (base 4) to base 9.
-163
-125 (base 6) to base 8
-65
Convert 2002 (base 3) to base 12.
48
What is 2003 (base 4) in base 12?
ab
What is 0 (base 10) in base 12?
0
19 (base 14) to base 7
32
-10 (base 2) to base 14
-2
2 (base 7) to base 14
2
What is -117 (base 8) in base 7?
-142
What is -6 (base 9) in base 3?
-20
What is 16 (base 12) in base 7?
24
12 (base 14) to base 16
10
-11 (base 6) to base 11
-7
Convert -7 (base 15) to base 2.
-111
What is -35 (base 12) in base 13?
-32
111 (base 2) to base 11
7
111 (base 2) to base 10
7
-2 (base 10) to base 13
-2
Convert 102 (base 3) to base 10.
11
What is -8b (base 12) in base 8?
-153
6 (base 14) to base 7
6
What is 232 (base 4) in base 3?
1201
-3c (base 16) to base 9
-66
-2 (base 5) to base 11
-2
What is 0 (base 13) in base 5?
0
12 (base 3) to base 6
5
What is 13 (base 8) in base 7?
14
Convert -1110 (base 2) to base 4.
-32
What is -6 (base 7) in base 9?
-6
Convert -2 (base 15) to base 6.
-2
Convert -31 (base 4) to base 14.
-d
What is -1210 (base 3) in base 10?
-48
What is -2 (base 9) in base 13?
-2
What is 12101 (base 3) in base 10?
145
-1004 (base 5) to base 14
-93
3 (base 16) to base 14
3
-37 (base 14) to base 5
-144
-3 (base 15) to base 16
-3
Convert 120 (base 4) to base 10.
24
What is -10112 (base 3) in base 4?
-1133
-2133 (base 4) to base 11
-135
What is 212 (base 4) in base 8?
46
100 (base 2) to base 14
4
Convert 76 (base 11) to base 10.
83
Convert -3 (base 11) to base 13.
-3
23 (base 4) to base 15
b
Convert 1 (base 5) to base 3.
1
What is 1 (base 15) in base 3?
1
Convert -14 (base 9) to base 10.
-13
Convert -123 (base 12) to base 10.
-171
3 (base 9) to base 4
3
Convert 11 (base 11) to base 12.
10
Convert 10 (base 5) to base 3.
12
What is 2 (base 11) in base 10?
2
Convert 9 (base 14) to base 8.
11
Convert -144 (base 8) to base 12.
-84
Convert -1101011 (base 2) to base 11.
-98
Convert -76 (base 11) to base 13.
-65
3 (base 5) to base 8
3
What is a (base 11) in base 15?
a
What is 11 (base 8) in base 4?
21
What is 21 (base 7) in base 12?
13
What is -13 (base 14) in base 11?
-16
Convert -3 (base 11) to base 10.
-3
Convert -4 (base 15) to base 7.
-4
11 (base 4) to base 2
101
-108 (base 10) to base 9
-130
Convert -10 (base 2) to base 7.
-2
What is 2 (base 9) in base 4?
2
What is -10010 (base 2) in base 13?
-15
Convert 4 (base 6) to base 15.
4
What is -33 (base 4) in base 11?
-14
326 (base 8) to base 13
136
Convert 77 (base 11) to base 15.
59
95 (base 11) to base 16
68
6c (base 13) to base 7
156
Convert 3 (base 13) to base 8.
3
Convert 10 (base 2) to base 8.
2
What is 0 (base 12) in base 2?
0
What is 32 (base 11) in base 15?
25
Convert -2 (base 4) to base 2.
-10
What is 5 (base 11) in base 15?
5
What is -7 (base 15) in base 8?
-7
Convert 16 (base 8) to base 10.
14
What is 47 (base 9) in base 13?
34
What is 2 (base 6) in base 10?
2
Convert -f (base 16) to base 14.
-11
What is -4 (base 6) in base 15?
-4
What is -9 (base 12) in base 11?
-9
What is -25 (base 11) in base 12?
-23
What is -35 (base 7) in base 11?
-24
-19 (base 14) to base 16
-17
Convert -25 (base 8) to base 9.
-23
Convert -23 (base 4) to base 3.
-102
What is 550 (base 7) in base 6?
1144
Convert -2 (base 16) to base 11.
-2
0 (base 5) to base 6
0
21 (base 10) to base 7
30
What is 24 (base 14) in base 9?
35
-9 (base 11) to base 16
-9
Convert -6 (base 12) to base 11.
-6
What is 10 (base 6) in base 12?
6
1011100 (base 2) to base 12
78
Convert -23 (base 11) to base 14.
-1b
Convert -3 (base 9) to base 12.
-3
136 (base 12) to base 16
ba
What is 30 (base 4) in base 15?
c
Convert -17 (base 15) to base 16.
-16
What is -11 (base 7) in base 9?
-8
3 (base 16) to base 9
3
Convert 1aa (base 14) to base 16.
15a
Convert -40 (base 13) to base 15.
-37
Convert -2 (base 3) to base 13.
-2
-2 (base 4) to base 8
-2
-1 (base 11) to base 12
-1
What is 7 (base 10) in base 11?
7
Convert -1110000 (base 2) to base 15.
-77
Convert -145 (base 6) to base 14.
-49
9 (base 13) to base 4
21
-201 (base 4) to base 14
-25
What is 12 (base 7) in base 15?
9
-120 (base 9) to base 14
-71
What is 1 (base 8) in base 4?
1
Convert -1010 (base 5) to base 3.
-11211
What is -202 (base 4) in base 16?
-22
-2102 (base 3) to base 8
-101
12 (base 7) to base 8
11
1a (base 16) to base 5
101
What is 24 (base 12) in base 7?
40
Convert 3 (base 9) to base 2.
11
Convert -10100 (base 2) to base 8.
-24
211 (base 3) to base 4
112
What is -70 (base 13) in base 3?
-10101
121 (base 3) to base 2
10000
What is -20 (base 8) in base 11?
-15
Convert 2 (base 8) to base 5.
2
10 (base 3) to base 11
3
What is -c (base 15) in base 9?
-13
What is 551 (base 6) in base 5?
1321
Convert 2 (base 14) to base 7.
2
Convert -2 (base 5) to base 4.
-2
What is 5 (base 16) in base 5?
10
11 (base 10) to base 6
15
What is 1012 (base 5) in base 11?
110
What is